osite?
True
Is 14*(4/50 + 194985/1750) a composite number?
True
Let s = -1922407 - -3550926. Is s a composite number?
True
Suppose 10*n - 7*n - 2*t = -8, -n + 3*t = 5. Is 2302*(-4)/16*20/n composite?
True
Is ((41215265/78)/(-35))/((-7)/42) prime?
True
Let o be ((-6)/9)/(2/(-6)). Suppose 0 = 5*h + 4*y + 16, -o*h - 8 = -2*y + 4*y. Suppose h = 2*c - 4*q - 190, -6*q + q = 0. Is c a composite number?
True
Let v = 2 - 38. Let b = v + -111. Let i = 307 - b. Is i a composite number?
True
Let l be 5/((-1)/(2/(-5 - -3))). Suppose 0 = l*r + 3*v - 8490, -5*r + v + 3704 = -4786. Suppose b - 212 = -2*u + 357, -3*u = 3*b - r. Is b composite?
False
Let x(z) = -2*z**2 + 5 - 40 - 3*z**2 + 10*z. Let g be x(11). Let c = g + 1081. Is c prime?
False
Is (109/218)/((-1)/(-71194)) prime?
True
Suppose 0 = -3*v - 14*v + 90*v - 11660071. Is v prime?
False
Suppose -2*g + 5*q = -227403, 5*q - 113704 = -g + 7*q. Is g a prime number?
False
Suppose 132067 = 182*a - 22028799. Is a composite?
False
Is (-1)/2*-190623 - 156/312 a prime number?
True
Suppose 0 = 30*l - 981094 + 40564. Is l a composite number?
True
Suppose -9*q + 1446 = -3738. Let g = q + -14. Is g composite?
True
Is ((-53)/1)/(-1*(-1 + (-10178)/(-10171))) a prime number?
False
Let n(a) = -2*a**2 - 3*a. Let m(p) = 5*p**2 + 8*p + 1. Let w(i) = -3*m(i) - 8*n(i). Suppose 3*h + 2*h - 34 = 4*o, -3*h = -6. Is w(o) prime?
False
Let j(v) = -43 - 398*v + 13*v**2 + 191*v + 196*v + 63*v**2. Is j(-3) prime?
False
Let t = -43 - -47. Suppose t*k = 13*k - 63. Suppose -3*l = -k*l + 5036. Is l prime?
True
Suppose 0 = 4*g + 6*x - 8*x - 2254626, -4*g + 2254631 = 3*x. Is g composite?
False
Suppose 2*a - 11 = 3*x, 4*x + 1 + 15 = 4*a. Let y = 4 - a. Suppose y*v = 5*v - 1358. Is v prime?
False
Let w(m) = -156*m + 94. Let b(g) = 154*g - 93. Let l(o) = 5*b(o) + 6*w(o). Is l(-13) a composite number?
True
Let l(c) = -7*c + 44. Let g be l(6). Is (-38)/(-323) + g/((-34)/(-73149)) a composite number?
True
Suppose 17*p - 21 = 13. Suppose 5*d = p*g + 16245, -9*g + 13024 = 4*d - 5*g. Is d a composite number?
False
Is (0 - (-4)/6)/(15 - (-996548763)/(-66436587)) a prime number?
True
Suppose 14*s = 24 + 46. Suppose 4*h - 28133 = -3*a, 0 = -s*a + 3*h + 2*h + 46935. Is a a composite number?
True
Let i be (22/5 + -4)/((-2)/(-5)). Let b be (2 + 24/(-10))/(i/20). Is 260 + (6/b)/(12/48) a prime number?
True
Is 1/2 + (1 - ((-314020)/8 + -3)) a prime number?
False
Let x(u) = 57*u**3 - 14*u**2 - 15*u + 17. Suppose -30*b + 22*b + 48 = 0. Is x(b) a composite number?
True
Let p(j) = -26*j - 13 - 276*j + 2 - 16*j. Is p(-16) prime?
True
Suppose -31*g = -5*m - 35*g + 344571, -3*m + 206717 = -4*g. Is m composite?
True
Suppose -k + 6524 = 2*u, 0 = -4*u - 35*k + 39*k + 13060. Is u a composite number?
True
Let k(n) = 14373*n**2 - 2*n - 4. Suppose x + 3 = -6*a + 4*a, -7 = 2*x + 5*a. Is k(x) a prime number?
False
Let t = 7294 + -3863. Is t prime?
False
Let c be (-36624)/63*3*(-7)/4. Suppose c = 3*d - 401. Is d a composite number?
False
Suppose x = 10 - 2. Suppose -3*b + 0*b - 3*w + 9 = 0, 0 = -2*b - w + x. Suppose -b*t + 3*t = -2*v - 1032, 5*t + 5*v - 2610 = 0. Is t a composite number?
True
Suppose -9 + 1 = 4*n, 0 = -4*x - 2*n + 356. Is (-2)/3 + 6/(x/57715) a prime number?
True
Let x be 4*((-3)/(-18))/((-1)/(-3)). Is ((-3)/(-9))/(x/34674) composite?
False
Is (9174 + -79 - (3 + 1))*13 a prime number?
False
Is (-6)/3 + (74790 - -33) prime?
True
Is (-87)/58 - (-119117)/2 prime?
True
Let w(p) = 2675*p**2 - 30*p - 123. Is w(-4) a composite number?
False
Let t = 3179502 + -292603. Is t a prime number?
True
Suppose -421*o + 222*o - 3900622 = -221*o. Is o a prime number?
True
Let x = -15877 + 22530. Is x composite?
False
Suppose -3842 = -5*t + 3*x, 2*t - 5*x - 193 - 1359 = 0. Let l = -317 + t. Is l prime?
True
Suppose 76*v + 15*v + 345953 = 5440770. Is v a prime number?
True
Suppose -8*n = -5*n + 282. Let z = -92 - n. Suppose -3*m + 1406 = b, 0*b - z*m = -3*b + 4185. Is b a prime number?
False
Suppose 26*p + 34576 = -11288. Let c be -2653*(4/2 + -1). Let s = p - c. Is s a composite number?
True
Let n = 6 - 1. Suppose -n*b = -22 + 17. Is (1/2)/b - 13380/(-8) composite?
True
Let o(r) = -1232*r + 3. Let t be (2*-2)/((-4 + 6)*1). Is o(t) composite?
False
Let y = 4974 + -12363. Let k = y + 14066. Is k composite?
True
Let t = 705 + -193. Let m = t - -4229. Is m a prime number?
False
Let p be (-19)/(-4) + (18/(-24) - -1). Suppose p - 3 = b, -3*s = -b - 1135. Is s a composite number?
False
Suppose -621*y = -634*y + 3799939. Is y a prime number?
False
Let b be 1*(-2 - (-4 - -2))*1. Suppose b = -4*h - 3*h + 17801. Is h prime?
True
Let x = -770 - -768. Suppose 0 = -5*k - 7 - 8, 0 = -5*a + 4*k - 48. Is x*(-2)/(a/(-1563)) composite?
False
Let w(u) = -u**3 - 42*u**2 - 154*u + 150. Is w(-73) composite?
False
Let o(b) = 38*b - 10. Suppose 2*x = 6*x + 56. Let v be o(x). Let m = v + 1141. Is m composite?
False
Let n be (-6)/36*4 + 56/(-6). Is n*(-10)/600 + (-18113)/(-6) composite?
False
Let h = -56 + 56. Suppose 26 = -h*y + 13*y. Suppose -1420 = 4*f + 2*l - 6604, 0 = y*l + 4. Is f composite?
False
Suppose 37*x - 1219794 = 1792265. Is x a prime number?
False
Let t(w) = 97*w**2 + 161*w - 25. Is t(-36) composite?
False
Let t = 20697 + -7990. Is t prime?
False
Let l(c) = 289*c**3 + c**2 - 2*c + 8. Let k = -33 - -35. Let i be l(k). Suppose j + 221 - i = 0. Is j composite?
False
Suppose 2*y - 110712 = -6*y. Let q = y + -8836. Is q composite?
False
Let y(h) = -h**3 + 2*h**2 + 19*h + 53. Let g be y(16). Let f = 7218 + g. Is f prime?
False
Suppose -26*p + 6 = -24*p. Suppose p*k + 16 = 25. Suppose h + k*n = 2*n + 133, 4*n = h - 138. Is h a prime number?
False
Is 2775192/72*(-9)/(-7) prime?
False
Let p(r) = 55138*r**2 + 17*r - 31. Is p(2) a composite number?
True
Suppose 0 = z - 1516 - 2179. Let u = z - 1642. Is u a prime number?
True
Suppose 4*v = 5*y - 9103, -9112 = 827*y - 832*y + v. Is y a composite number?
False
Let k be 3/(-21) - (-568962)/14. Suppose k = 7*z - 14625. Is z prime?
False
Is (110/(-60) - -2)/((-22674548)/22674552 - -1) a prime number?
True
Suppose 14*m = 13*m. Suppose m = -2*v + 4*t + 31734, 3*v - t - 47656 = -6*t. Is v a prime number?
True
Suppose -299137 = 3*u + 253976. Is (u/(-66))/(1/2) composite?
True
Suppose z + 4*m = 4*z - 24, 20 = 2*z - 4*m. Suppose 22926 = z*c - 3*i + 6*i, 11462 = 2*c + 2*i. Is c/27 - 8/6 a prime number?
True
Suppose -55*r = -42*r + 528450. Let v = -22283 - r. Is v prime?
True
Let o(s) = 10*s**3 - 9*s**2 - 12*s - 8. Let y be o(-5). Let w = 3338 + y. Is w a prime number?
False
Let c be 2/(-3 - 44/(-12)). Suppose s + 5*z = 4613, -3*s + c*z = -10164 - 3693. Is s a composite number?
True
Let j be (40/(-80))/(1/(-14)). Is -4 + (4495 + 3 - (2 - j)) composite?
True
Is 9587/14*106 + (-658)/(-98) + -7 prime?
False
Let v(c) = c**3 + 9*c**2 + 2*c + 14. Let s be v(-9). Let b be -18*(-3)/6 - (s - -6). Suppose -4559 = -4*x - 3*a, -2*a = -x - b*a + 1144. Is x prime?
False
Let s = 6599 + 94224. Is s composite?
False
Suppose 40*g + 266854 = 4*q + 41*g, -4*q + 266842 = -5*g. Is q a composite number?
False
Let b be (2 + 0)/((-2)/(-8))*1. Is b - (-66074 - (5 - 2)) a composite number?
True
Suppose -2*f - 6*y = -y - 115, -5*f + 4*y + 205 = 0. Suppose 4*t + 204 + f = x, 5*t = 3*x - 775. Is x composite?
True
Suppose -2*p + 4*i = 86, 0 = -3*p - 4*i - 0*i - 179. Let q = p - -63. Suppose 4*x - 311 = -j, -388 = -q*x + 5*x - j. Is x a composite number?
True
Suppose -9*b + 30*b - 2059313 = -22*b. Is b prime?
False
Let i be (-9)/(-81)*-3 - (-4048)/3. Suppose 0 = 5*v + g - 21950, -3*v + 2*g + 11834 + i = 0. Is v composite?
False
Let n = 227165 + -148230. Is n composite?
True
Is 15986*(5 - 90/20) composite?
False
Let r(l) = 6339*l - 165. Is r(14) composite?
True
Let p = -6531143 - -12537444. Is p prime?
False
Let c = 199335 - 103652. Is c composite?
True
Let i(g) = 402*g**3 + 19*g**2 - 19*g + 49. Is i(10) a prime number?
False
Let l be 7/(-21) - (-3 - 4382/(-3)). Let c = 4039 + l. Is c composite?
True
Let i = -64661 + 273622. Is i composite?
False
Let b be ((-2)/(-5))/(-1*16/40). Is 338855/25 + b + (-5)/25 a prime number?
True
Suppose -3*x + 0*n - 2*n = -8683, 8648 = 3*x - 5*n. Let z = x - 300. Is z composite?
False
Let x(y) = -y**3 - 4*y**2 + 12*y + 2. Let g be x(-6). Suppose -5*j + 8993 